he remainder when 4757 is divided by i(-155).
77
Suppose -627 = -4*o - 43. Suppose -3*l + 5*v = -o, -v + 93 = -19*l + 21*l. Calculate the remainder when 328 is divided by l.
46
Let b(w) = w**3 + w**2 - 3*w + 176. Let j be b(0). Suppose -17*t + j = -11. Calculate the remainder when 27 is divided by t.
5
Suppose -41*t + 25593 + 26432 = -7179. What is the remainder when t is divided by 80?
4
Suppose 2*f + 375*w - 682 = 373*w, 3*f - 1031 = -w. Calculate the remainder when f is divided by 15.
0
Let r(d) = d**2 + 13*d + 27. Let y(z) = z**3 + 10*z**2 - 59*z + 17. Calculate the remainder when y(-14) is divided by r(-11).
4
Let v(p) = 2*p**3 + 8*p**2 + 7*p + 9. Suppose -r - 2 = -t - 4*r, 4 = t + 4*r. Let x be v(t). Let b = x - -50. Calculate the remainder when b is divided by 10.
1
Suppose -14*t - 25582 - 58273 = -45*t. What is the remainder when t is divided by 898?
11
Suppose -4*g - 4*x = -740, g + 5*x = -125 + 342. Calculate the remainder when 398 is divided by g.
44
Let t(m) = -m**2. Let b be t(-1). Let i = -66 + 72. What is the remainder when (b/(-4))/((-1)/(-116)) is divided by i?
5
Let t = -7025 + 7527. What is the remainder when t is divided by 487?
15
Suppose -5*z - 62 = -482. What is the remainder when (34/(238/22841))/13 is divided by z?
83
Let v(r) = r**3 + 4*r**2 - 20*r + 13. What is the remainder when v(-6) is divided by 47?
14
Suppose 4*n = 5*d + 245 - 1921, 0 = -5*d - 3*n + 1718. What is the remainder when d is divided by 172?
168
Let v(t) = 2*t**3 + 14*t**2 + 16*t + 9. Let r(n) = n**3 + 7*n**2 + 8*n + 4. Let k(a) = -5*r(a) + 3*v(a). What is the remainder when 40 is divided by k(-4)?
17
Suppose -2*s - y + 542 = 0, 5*s - 4*y - 1683 = -289. Calculate the remainder when s is divided by 11.
10
Let n be (-42)/(-56)*(-16)/(-3). Suppose n*l - 43 = -x + 45, -38 = -2*l + x. Let p(v) = -4*v. Calculate the remainder when p(-10) is divided by l.
19
Suppose 0 = 42*z - 1016 - 748. Let b(a) be the second derivative of -5*a**3/6 - 5*a**2/2 + 3*a. Calculate the remainder when z is divided by b(-4).
12
Let p = -105 + 105. Suppose -72 = -3*z - 3*w, p = w + w + 6. Suppose -k = -z - 28. Calculate the remainder when k is divided by 29.
26
Let b(l) = 2*l**2 + 5*l + 201. Let i be b(0). What is the remainder when i*(-4)/(-12) - 5 is divided by 3?
2
Suppose s + 85 = 79, 85 = 5*q - 5*s. Calculate the remainder when 932 is divided by q.
8
Suppose 17*a - 6641 = 1927. Suppose a = 22*q - 244. What is the remainder when q is divided by 19?
15
Let w(d) = -d**3 + 11*d**2 - 16. Let v be w(11). Let h be (-340)/14 + 1 - v/56. Let k = h - -46. Calculate the remainder when 66 is divided by k.
20
Let m(u) = 30 + 36 + 5*u**2 + u - 60. What is the remainder when m(-3) is divided by 18?
12
Let u = 408 - 164. Calculate the remainder when 219 is divided by (6/(-9))/2 + u/12.
19
Let y(b) = 50 - b**2 - 24 - 16*b - 11 - 2*b. Calculate the remainder when y(-15) is divided by 22.
16
Let u = -5036 - -5050. Let q = 24 + -18. Calculate the remainder when u is divided by q.
2
Suppose 11*o = 2408 - 208. Let p = o + -27. What is the remainder when p is divided by 25?
23
Let i be (-160)/(-3) - 8/(-12). Suppose -5*x = d + 48, -i = d + 6*x - 3*x. Let n = -35 - d. Calculate the remainder when 53 is divided by n.
25
Suppose 0 = 5*r + g + 917, 3*g - 736 = 4*r + 5*g. Let u = r + 201. What is the remainder when 28 is divided by u?
10
Let i(a) = a**2 - 5*a + 14. Calculate the remainder when 76 is divided by i(4).
6
Let n be (1 - (-40)/12) + (-2)/6. Suppose 220 - n = 3*m. Suppose 3*b + m = 11*b. Calculate the remainder when 41 is divided by b.
5
Let j = 19960 - 17738. What is the remainder when j is divided by 76?
18
Let s = 12004 + -11872. What is the remainder when 625 is divided by s?
97
Let x(v) = 51*v - 661. Calculate the remainder when x(35) is divided by 25.
24
Let x(b) = -48*b - 11. Let w = 103 - 93. Suppose w*j + 5 = 5*j. Calculate the remainder when x(j) is divided by 8.
5
Calculate the remainder when 238 is divided by 4 + (864/28)/(99/(-21) - -5).
14
Let k(w) = -3*w - 64. Let j be k(-21). Calculate the remainder when 43 is divided by (((-120)/(-14))/5)/(j/(-14)).
19
Let z be 110/35 + 4/(-28). Suppose -4*q + 57 = -q. What is the remainder when 33 + (2 - z)*(17 - 14) is divided by q?
11
Let n = -1900 + 1964. What is the remainder when 259 is divided by n?
3
Suppose -20*t - 3*q = -24*t + 9383, 5*q = 15. Calculate the remainder when 4700 is divided by t.
4
Suppose -5*t - 2*f + 428 = 288, 2*t - f - 65 = 0. Calculate the remainder when t is divided by 13.
4
Suppose -5*y - 110 = -b - 383, -277 = -5*y - b. Suppose 22*w - 756 = 16*w. Suppose w = 24*m - 6*m. What is the remainder when y is divided by m?
6
Suppose -18651 - 11118 - 10985 = -71*k. What is the remainder when k is divided by 23?
22
Let r be 1/((-14)/30 + 40/60). Suppose 0 = -3*d + r*g + 297, -3*g - 479 = -9*d + 4*d. Calculate the remainder when d is divided by 33.
28
Let s = 2490 - 2472. What is the remainder when 85 is divided by s?
13
Let r(d) = d**2 - 51. Let v(j) = 3*j**2 - 16*j + 5. Let n(t) = -t**2 + 1. Let u(s) = -2*n(s) - v(s). Calculate the remainder when r(12) is divided by u(11).
45
Let q(h) = -h**3 - 8*h**2 - 8*h + 4. Let i be q(-7). Calculate the remainder when 53 is divided by i*5/(-35)*-7.
9
Suppose 0 + 18 = 3*l, 4*k + 3*l - 926 = 0. What is the remainder when k is divided by 7?
3
Suppose -2*t + 774 = -4712*x + 4709*x, 2*x = 5*t - 1935. Calculate the remainder when t is divided by (0 + 3)/((-2)/(-26)).
36
Suppose 19723 = -133*d + 64411. What is the remainder when d is divided by 59?
41
Let t(y) = y**3 + 17*y**2 + 11*y - 26. Let g be t(-13). Suppose 0 = 5*x - j - 1278, -5*j + g = 2*x - 4*j. What is the remainder when x is divided by 16?
15
Suppose 35*t = 5*i + 39*t - 627, 3*i - t - 383 = 0. Calculate the remainder when 2153 is divided by i.
121
Suppose -3*k + 2279 = 758. Let i = 523 - k. Calculate the remainder when 149 is divided by i.
5
Suppose 0 = -10*n + 11*n - 1, 2*n - 82 = -4*k. What is the remainder when 1591 is divided by k?
11
Let y(w) = 32*w + 28. Let g be y(8). Suppose 11*x = 651 + g. What is the remainder when x is divided by 10?
5
Let b = 167 + -37. Let r = b + -77. What is the remainder when r is divided by 18?
17
Calculate the remainder when ((-5 - 5) + 4)/((-10)/3235) is divided by 9.
6
Let d(x) = -2*x**3 + 31*x**2 + 177*x - 34. Suppose 0 = 2*s - 4*i - 32, -2*s - 3*i - 2*i = -5. Calculate the remainder when d(-5) is divided by s.
6
Suppose j - s - 4 = 0, -3*s = j - 5*s - 5. What is the remainder when 181 is divided by j?
1
Suppose -4*m + 3*c = -347, -2*m - 100 = -4*c - 266. What is the remainder when m is divided by 30?
29
Let t = -702 - -707. Let x = 40 - 22. Suppose -2*h + x = h. What is the remainder when h is divided by t?
1
Let n = -602591 - -602608. Let b be ((-3)/(-3))/(1/(-27)). What is the remainder when 1/(1/b)*-3 is divided by n?
13
Suppose 226*m = 7*m + 1415 + 2308. Let n = -10 - -15. Calculate the remainder when m is divided by n.
2
Let c(z) be the second derivative of -z**5/20 + 11*z**4/12 + z**3/3 - 34*z**2 + 2*z - 92. Calculate the remainder when 78 is divided by c(10).
26
What is the remainder when 346 is divided by 6/(3735/531 + -7)?
169
What is the remainder when 210/210 - -19*-1*(-33)/3 is divided by 65?
15
Let s(l) = -2*l**3 + 4*l**2 + 2*l - 1. What is the remainder when s(-3) is divided by (1242/36)/(-23) + 37/2?
15
Let o(x) = -x**3 - 2*x**2 + 13*x - 5. Let d be o(-5). Let b(v) = 8*v - 22. Calculate the remainder when 136 is divided by b(d).
10
Let l = -39 + 62. Let z(a) = -75*a**2 + 77*a**2 - 20 - a - 14. What is the remainder when z(-6) is divided by l?
21
Suppose -5196 = -1207*s + 1204*s + 4896. What is the remainder when s is divided by 109?
94
Let g(m) = m**3 + 9*m**2 - 68*m - 23. Calculate the remainder when g(-11) is divided by 146.
45
Suppose 0 = 5*g - 11*g. Suppose c = -g*c + 19. Let s(d) = d**2 - 16*d + 19. What is the remainder when c is divided by s(15)?
3
What is the remainder when 1180 is divided by -1 + -6 + (-238)/(-4)*(-720)/(-140)?
283
Calculate the remainder when 2348/(-56)*-62 + 4/(-7) is divided by 45.
34
Suppose -2*d + 2 = -3*p - 7, -5*p = -5*d + 20. Suppose 3*j + 463 = 2*a, 5*a - 2*j = -d*j + 1183. What is the remainder when a is divided by 60?
56
Let o be (88